{"id":57,"date":"2017-08-09T15:31:53","date_gmt":"2017-08-09T15:31:53","guid":{"rendered":"http:\/\/www.djoglobal.fr\/blog\/?page_id=57"},"modified":"2017-08-09T15:31:53","modified_gmt":"2017-08-09T15:31:53","slug":"djo-france-lexpertise-de-grandes-marques-au-service-du-patient","status":"publish","type":"page","link":"https:\/\/enovis-medtech.eu\/blog\/djo-france-lexpertise-de-grandes-marques-au-service-du-patient\/","title":{"rendered":"DJO France, l&rsquo;Expertise de Grandes Marques au service du Patient"},"content":{"rendered":"<p>Fort de ses marques connues et reconnues dans le milieu m\u00e9dical, DJO France a coeur de partager avec vous sur ce blog toutes les informations, conseils et astuces relatifs \u00e0 une pathologie selon le membre concern\u00e9.<\/p>\n","protected":false},"excerpt":{"rendered":"<p>Fort de ses marques connues et reconnues dans le milieu m\u00e9dical, DJO France a coeur de partager avec vous sur ce blog toutes les informations, conseils et astuces relatifs \u00e0 une pathologie selon le membre concern\u00e9.<\/p>\n","protected":false},"author":3,"featured_media":0,"parent":0,"menu_order":0,"comment_status":"closed","ping_status":"closed","template":"","meta":{"_acf_changed":false,"footnotes":""},"class_list":["post-57","page","type-page","status-publish","hentry"],"acf":[],"yoast_head":"<!-- This site is optimized with the Yoast SEO plugin v25.2 - https:\/\/yoast.com\/wordpress\/plugins\/seo\/ -->\n<title>DJO France, l&#039;Expertise de Grandes Marques au service du Patient - Enovis France<\/title>\n<meta name=\"robots\" content=\"index, follow, max-snippet:-1, max-image-preview:large, max-video-preview:-1\" \/>\n<link rel=\"canonical\" href=\"https:\/\/enovis-medtech.eu\/blog\/djo-france-lexpertise-de-grandes-marques-au-service-du-patient\/\" \/>\n<meta property=\"og:locale\" content=\"fr_FR\" \/>\n<meta property=\"og:type\" content=\"article\" \/>\n<meta property=\"og:title\" content=\"DJO France, l&#039;Expertise de Grandes Marques au service du Patient - Enovis France\" \/>\n<meta property=\"og:description\" content=\"Fort de ses marques connues et reconnues dans le milieu m\u00e9dical, DJO France a coeur de partager avec vous sur ce blog toutes les informations, conseils et astuces relatifs \u00e0 une pathologie selon le membre concern\u00e9.\" \/>\n<meta property=\"og:url\" content=\"https:\/\/enovis-medtech.eu\/blog\/djo-france-lexpertise-de-grandes-marques-au-service-du-patient\/\" \/>\n<meta property=\"og:site_name\" content=\"Enovis France\" \/>\n<meta name=\"twitter:card\" content=\"summary_large_image\" \/>\n<script type=\"application\/ld+json\" class=\"yoast-schema-graph\">{\"@context\":\"https:\/\/schema.org\",\"@graph\":[{\"@type\":\"WebPage\",\"@id\":\"https:\/\/enovis-medtech.eu\/blog\/djo-france-lexpertise-de-grandes-marques-au-service-du-patient\/\",\"url\":\"https:\/\/enovis-medtech.eu\/blog\/djo-france-lexpertise-de-grandes-marques-au-service-du-patient\/\",\"name\":\"DJO France, l'Expertise de Grandes Marques au service du Patient - Enovis France\",\"isPartOf\":{\"@id\":\"https:\/\/enovis-medtech.eu\/blog\/#website\"},\"datePublished\":\"2017-08-09T15:31:53+00:00\",\"breadcrumb\":{\"@id\":\"https:\/\/enovis-medtech.eu\/blog\/djo-france-lexpertise-de-grandes-marques-au-service-du-patient\/#breadcrumb\"},\"inLanguage\":\"fr-FR\",\"potentialAction\":[{\"@type\":\"ReadAction\",\"target\":[\"https:\/\/enovis-medtech.eu\/blog\/djo-france-lexpertise-de-grandes-marques-au-service-du-patient\/\"]}]},{\"@type\":\"BreadcrumbList\",\"@id\":\"https:\/\/enovis-medtech.eu\/blog\/djo-france-lexpertise-de-grandes-marques-au-service-du-patient\/#breadcrumb\",\"itemListElement\":[{\"@type\":\"ListItem\",\"position\":1,\"name\":\"Home\",\"item\":\"https:\/\/enovis-medtech.eu\/blog\/\"},{\"@type\":\"ListItem\",\"position\":2,\"name\":\"DJO France, l&rsquo;Expertise de Grandes Marques au service du Patient\"}]},{\"@type\":\"WebSite\",\"@id\":\"https:\/\/enovis-medtech.eu\/blog\/#website\",\"url\":\"https:\/\/enovis-medtech.eu\/blog\/\",\"name\":\"Enovis France\",\"description\":\"- Blog\",\"potentialAction\":[{\"@type\":\"SearchAction\",\"target\":{\"@type\":\"EntryPoint\",\"urlTemplate\":\"https:\/\/enovis-medtech.eu\/blog\/?s={search_term_string}\"},\"query-input\":{\"@type\":\"PropertyValueSpecification\",\"valueRequired\":true,\"valueName\":\"search_term_string\"}}],\"inLanguage\":\"fr-FR\"}]}<\/script>\n<!-- \/ Yoast SEO plugin. -->","yoast_head_json":{"title":"DJO France, l'Expertise de Grandes Marques au service du Patient - Enovis France","robots":{"index":"index","follow":"follow","max-snippet":"max-snippet:-1","max-image-preview":"max-image-preview:large","max-video-preview":"max-video-preview:-1"},"canonical":"https:\/\/enovis-medtech.eu\/blog\/djo-france-lexpertise-de-grandes-marques-au-service-du-patient\/","og_locale":"fr_FR","og_type":"article","og_title":"DJO France, l'Expertise de Grandes Marques au service du Patient - Enovis France","og_description":"Fort de ses marques connues et reconnues dans le milieu m\u00e9dical, DJO France a coeur de partager avec vous sur ce blog toutes les informations, conseils et astuces relatifs \u00e0 une pathologie selon le membre concern\u00e9.","og_url":"https:\/\/enovis-medtech.eu\/blog\/djo-france-lexpertise-de-grandes-marques-au-service-du-patient\/","og_site_name":"Enovis France","twitter_card":"summary_large_image","schema":{"@context":"https:\/\/schema.org","@graph":[{"@type":"WebPage","@id":"https:\/\/enovis-medtech.eu\/blog\/djo-france-lexpertise-de-grandes-marques-au-service-du-patient\/","url":"https:\/\/enovis-medtech.eu\/blog\/djo-france-lexpertise-de-grandes-marques-au-service-du-patient\/","name":"DJO France, l'Expertise de Grandes Marques au service du Patient - Enovis France","isPartOf":{"@id":"https:\/\/enovis-medtech.eu\/blog\/#website"},"datePublished":"2017-08-09T15:31:53+00:00","breadcrumb":{"@id":"https:\/\/enovis-medtech.eu\/blog\/djo-france-lexpertise-de-grandes-marques-au-service-du-patient\/#breadcrumb"},"inLanguage":"fr-FR","potentialAction":[{"@type":"ReadAction","target":["https:\/\/enovis-medtech.eu\/blog\/djo-france-lexpertise-de-grandes-marques-au-service-du-patient\/"]}]},{"@type":"BreadcrumbList","@id":"https:\/\/enovis-medtech.eu\/blog\/djo-france-lexpertise-de-grandes-marques-au-service-du-patient\/#breadcrumb","itemListElement":[{"@type":"ListItem","position":1,"name":"Home","item":"https:\/\/enovis-medtech.eu\/blog\/"},{"@type":"ListItem","position":2,"name":"DJO France, l&rsquo;Expertise de Grandes Marques au service du Patient"}]},{"@type":"WebSite","@id":"https:\/\/enovis-medtech.eu\/blog\/#website","url":"https:\/\/enovis-medtech.eu\/blog\/","name":"Enovis France","description":"- Blog","potentialAction":[{"@type":"SearchAction","target":{"@type":"EntryPoint","urlTemplate":"https:\/\/enovis-medtech.eu\/blog\/?s={search_term_string}"},"query-input":{"@type":"PropertyValueSpecification","valueRequired":true,"valueName":"search_term_string"}}],"inLanguage":"fr-FR"}]}},"_links":{"self":[{"href":"https:\/\/enovis-medtech.eu\/blog\/wp-json\/wp\/v2\/pages\/57","targetHints":{"allow":["GET"]}}],"collection":[{"href":"https:\/\/enovis-medtech.eu\/blog\/wp-json\/wp\/v2\/pages"}],"about":[{"href":"https:\/\/enovis-medtech.eu\/blog\/wp-json\/wp\/v2\/types\/page"}],"author":[{"embeddable":true,"href":"https:\/\/enovis-medtech.eu\/blog\/wp-json\/wp\/v2\/users\/3"}],"replies":[{"embeddable":true,"href":"https:\/\/enovis-medtech.eu\/blog\/wp-json\/wp\/v2\/comments?post=57"}],"version-history":[{"count":0,"href":"https:\/\/enovis-medtech.eu\/blog\/wp-json\/wp\/v2\/pages\/57\/revisions"}],"wp:attachment":[{"href":"https:\/\/enovis-medtech.eu\/blog\/wp-json\/wp\/v2\/media?parent=57"}],"curies":[{"name":"wp","href":"https:\/\/api.w.org\/{rel}","templated":true}]}}